{"id":682,"date":"2022-07-19T12:46:01","date_gmt":"2022-07-19T12:46:01","guid":{"rendered":"https:\/\/jdh.cuco.dev\/?post_type=department&#038;p=682"},"modified":"2023-12-20T21:16:35","modified_gmt":"2023-12-20T21:16:35","slug":"service-contact","status":"publish","type":"department","link":"https:\/\/jdh.lu\/de\/department\/service-contact\/","title":{"rendered":"Service Contact"},"content":{"rendered":"<section class=\"wpb-content-wrapper\"><p>[vc_row css=&#8220;.vc_custom_1658745421031{padding-top: 5% !important;}&#8220;][vc_column width=&#8220;1\/2&#8243;][vc_custom_heading text=&#8220;Unsere Angebote:&#8220; font_container=&#8220;tag:h3|text_align:left&#8220; use_theme_fonts=&#8220;yes&#8220;][vc_column_text]Konsument:innen von illegalen Drogen ab 18 Jahren[\/vc_column_text][\/vc_column][vc_column width=&#8220;1\/2&#8243;][vc_empty_space height=&#8220;30px&#8220;][\/vc_column][\/vc_row][vc_row gap=&#8220;15&#8243; equal_height=&#8220;yes&#8220; css=&#8220;.vc_custom_1658747724747{padding-bottom: 5% !important;}&#8220;][vc_column width=&#8220;1\/3&#8243; el_class=&#8220;equal-height&#8220;][vc_column_text el_class=&#8220;shadow-box&#8220;]<\/p>\n<h4>Gesundheitspr\u00e4vention<\/h4>\n<p>\u2022 Spritzentausch<br \/>\n\u2022 HIV- und Hepatitis-Pr\u00e4vention<br \/>\n\u2022 Behandlungsraum (Infirmerie) im<br \/>\nContact Esch<br \/>\n\u2022 Drogenkonsumraum im Contact Esch[\/vc_column_text][\/vc_column][vc_column width=&#8220;1\/3&#8243; el_class=&#8220;equal-height&#8220;][vc_column_text el_class=&#8220;shadow-box&#8220;]<\/p>\n<h4>Beratung<\/h4>\n<p>\u2022 Gesundheitliche Beratung und<br \/>\nOrientierung zum aktuellen Sucht- und Konsumverhalten<br \/>\n\u2022 Psychosoziale Beratung<br \/>\n\u2022 Information und Vermittlung in die<br \/>\nSubstitution, Entgiftung und Therapie in Zusammenarbeit mit internen und externen Partnerorganisationen.[\/vc_column_text][\/vc_column][vc_column width=&#8220;1\/3&#8243; el_class=&#8220;equal-height&#8220;][vc_column_text el_class=&#8220;shadow-box&#8220;]<\/p>\n<h4>Aber auch&#8230;<\/h4>\n<p>\u2022 Getr\u00e4nke und kleine Mahlzeiten<br \/>\nw\u00e4hrend der \u00d6ffnungszeiten<br \/>\n\u2022 Nutzung von Waschmaschine und<br \/>\nTrockner<br \/>\n\u2022 Duschm\u00f6glichkeit[\/vc_column_text][\/vc_column][\/vc_row][vc_row full_width=&#8220;stretch_row&#8220; equal_height=&#8220;yes&#8220; content_placement=&#8220;middle&#8220; css=&#8220;.vc_custom_1658751580400{padding-bottom: 5% !important;}&#8220;][vc_column width=&#8220;1\/2&#8243; css=&#8220;.vc_custom_1658747763362{margin-bottom: 0px !important;border-bottom-width: 0px !important;padding-right: 35px !important;padding-bottom: 0px !important;}&#8220;][vc_single_image image=&#8220;961&#8243; img_size=&#8220;full&#8220; el_class=&#8220;rounded&#8220; css=&#8220;.vc_custom_1662560922451{margin-bottom: 0px !important;border-bottom-width: 0px !important;padding-bottom: 0px !important;}&#8220;][\/vc_column][vc_column width=&#8220;1\/2&#8243;][vc_single_image image=&#8220;299&#8243; el_class=&#8220;reddots_pattern&#8220;][vc_custom_heading text=&#8220;Unser Team&#8220; font_container=&#8220;tag:h3|text_align:left&#8220; use_theme_fonts=&#8220;yes&#8220;][vc_column_text]Wir sind ein Team von Sozialarbeiter:innen, Erzieher:innen, Krankenpfleger:innen und Sicherheitspersonal mit langj\u00e4hriger Erfahrung in der Suchthilfe.<\/p>\n<p>&nbsp;<\/p>\n<p>Leitung:<\/p>\n<p>Martina KAP<\/p>\n<p>Diplompsychologin[\/vc_column_text][vc_empty_space height=&#8220;30px&#8220;][\/vc_column][\/vc_row][vc_row css=&#8220;.vc_custom_1650620250455{padding-top: 5% !important;padding-bottom: 5% !important;}&#8220;][vc_column width=&#8220;1\/2&#8243;][vc_single_image image=&#8220;299&#8243; el_class=&#8220;reddots_pattern&#8220;][vc_custom_heading text=&#8220;Kontaktaufnahme&#8220; font_container=&#8220;tag:h3|text_align:left&#8220; use_theme_fonts=&#8220;yes&#8220;][vc_column_text]<strong>Kontakt K28<\/strong><br \/>\n28, rue du Fort Wedell<br \/>\nL-2718 LUXEMBURG<br \/>\nTel: 49 10 40 &#8211; 301<\/p>\n<p>&nbsp;<\/p>\n<p><strong>Contact Esch<br \/>\n<\/strong>130, rue de Luxembourg<br \/>\nL-4221 ESCH-SUR-ALZETTE<br \/>\nTel : 49 10 40 &#8211; 311<\/p>\n<p>&nbsp;<\/p>\n<p><strong>Contact Nord<br \/>\n<\/strong>3, rue de la Gare<br \/>\nL-9044 ETTELBR\u00dcCK<br \/>\nTel : 49 10 40 &#8211; 321<\/p>\n<p>&nbsp;<\/p>\n<p><strong>@: &#99;&#x6f;n&#x74;a&#99;&#x74;&#64;&#x6a;d&#104;&#x2e;&#108;&#x75;<\/strong>[\/vc_column_text][\/vc_column][vc_column width=&#8220;1\/2&#8243;]    <div class=\"cc-Hotspot-Map-wrapper\">\r\n\r\n        <div class=\"hotspot-settings producer-map\">\r\n            <div class=\"outfit\">\r\n                <img decoding=\"async\" id=\"map\" alt=\"Producer Map\" src=\"https:\/\/jdh.lu\/wp-content\/themes\/cuco\/includes\/jdh\/hotspot-map\/assets\/luxmap.png\"\/>\r\n            <\/div>\r\n        <\/div>\r\n\r\n    <\/div>\r\n\r\n    <script>\r\n\r\n        let marker = [{\"img\":\"https:\\\/\\\/jdh.lu\\\/wp-content\\\/uploads\\\/2022\\\/09\\\/Rue-du-Fort-Wedell-3_klein.jpg\",\"left\":\"40\",\"permalink\":\"https:\\\/\\\/jdh.lu\\\/de\\\/location\\\/k28\\\/\",\"title\":\"Luxemburg-Stadt - Contakt K28 - Neue \\u00d6ffnungszeiten ab dem 01\\\/05\\\/2025\",\"text\":\"28, rue du Fort Wedell<br \\\/>\\r\\nL-2718 LUXEMBURG\",\"top\":\"75\",\"simpleUrl\":\"https:\\\/\\\/www.google.com\\\/maps\\\/search\\\/?api=1&query=28%2C+rue+du+Fort+Wedell%0D%0AL-2718+LUXEMBURG\"},{\"img\":\"https:\\\/\\\/jdh.lu\\\/wp-content\\\/uploads\\\/2022\\\/09\\\/Rue-de-la-gare-Contact-Nord-1_klein.jpg\",\"left\":\"39\",\"permalink\":\"https:\\\/\\\/jdh.lu\\\/de\\\/location\\\/sitz-ettelbrueck\\\/\",\"title\":\"Ettelbruck - Contact Nord - Neue \\u00d6ffnungszeiten ab dem 14\\\/10\\\/2024\",\"text\":\"3, rue de la Gare<br \\\/>\\r\\nL-9044 ETTELBR\\u00dcCK\",\"top\":\"41\",\"simpleUrl\":\"https:\\\/\\\/www.google.com\\\/maps\\\/search\\\/?api=1&query=3%2C+rue+de+la+Gare%0D%0AL-9044+ETTELBR%C3%9CCK\"},{\"img\":\"https:\\\/\\\/jdh.lu\\\/wp-content\\\/uploads\\\/2022\\\/09\\\/Rue-de-Luxembourg-Contact-Esch-1_klein.jpg\",\"left\":\"28\",\"permalink\":\"https:\\\/\\\/jdh.lu\\\/de\\\/location\\\/contact-esch\\\/\",\"title\":\"Esch-sur-Alzette - Contact Esch\",\"text\":\"130 , rue de Luxembourg<br \\\/>\\r\\nL-4221 ESCH-SUR-ALZETTE\",\"top\":\"87\",\"simpleUrl\":\"https:\\\/\\\/www.google.com\\\/maps\\\/search\\\/?api=1&query=130+%2C+rue+de+Luxembourg%0D%0AL-4221+ESCH-SUR-ALZETTE\"}];\r\n        let navigationText = 'Hier gehts zur Navigation';\r\n\r\n        jQuery(document).ready(function () {\r\n\r\n            jQuery.each(marker, function (key, value) {\r\n\r\n                let img = '';\r\n                if (value.img != null)\r\n                    img = `<img decoding=\"async\" alt=\"Preview Image\" src=\"${value.img}\"\/>`;\r\n\r\n                let tooltipContent = `\r\n                ${img}\r\n                <div><h2>${value.title}<\/h2>\r\n                <p>${value.text}<\/p>\r\n                <div class=\"jdh-button\">\r\n        <a rel=\"\" href=\"${value.simpleUrl}\" target=\"_blank\">${navigationText}\r\n            <i class=\"fa-solid fa-arrow-right\"><\/i>\r\n        <\/a>\r\n\r\n    <\/div>\r\n                <\/div>`;\r\n\r\n                let dot = '<div class=\"dot marker cc-tooltip\" title=\"' + escapeHtml(tooltipContent) + '\"  style=\"top: ' + value.top + '%; left: ' + value.left + '%;\">';\r\n                dot += `<div class=\"marker-icon\"><svg width=\"43\" height=\"56\" viewBox=\"0 0 43 56\" fill=\"none\" xmlns=\"http:\/\/www.w3.org\/2000\/svg\">\n    <path class=\"cc-map-marker\" d=\"M22.2109 56H20.8032L20.5273 55.888C19.7215 55.5332 19.0395 54.9485 18.5679 54.208L13.2752 46.777C10.077 42.297 6.8864 37.8171 3.70326 33.3372C1.66644 30.433 0.431634 27.0481 0.122229 23.5206C-0.360229 19.0742 0.593363 14.5904 2.84482 10.7191C5.09629 6.84786 8.52866 3.7901 12.6446 1.98896C20.7132 -1.48858 28.579 -0.391002 35.3864 5.1641C37.4752 6.84679 39.2088 8.9238 40.4872 11.2755C41.7657 13.6273 42.5638 16.2073 42.8356 18.8671C43.509 24.1997 42.0981 29.5859 38.8942 33.914C34.1045 40.6339 29.3166 47.3538 24.5307 54.0736C24.0474 54.8822 23.3205 55.5189 22.453 55.8936L22.2109 56ZM21.5183 52.9537C21.711 52.7612 21.8827 52.5491 22.0307 52.3209C26.8167 45.601 31.6045 38.8811 36.3942 32.1612C39.1427 28.4443 40.352 23.82 39.7726 19.2423C39.5472 16.9706 38.8725 14.7657 37.7873 12.7542C36.7022 10.7428 35.228 8.96452 33.4495 7.52166C27.498 2.66654 20.9102 1.74816 13.8664 4.78331C10.3441 6.32882 7.40836 8.94996 5.48479 12.2667C3.56123 15.5833 2.74987 19.4232 3.16836 23.2294C3.42858 26.2216 4.47092 29.0941 6.19196 31.562C9.36009 36.042 12.5507 40.5219 15.7639 45.0018C17.5356 47.4807 19.3036 49.9633 21.0679 52.4497C21.1971 52.6351 21.3483 52.8043 21.5183 52.9537V52.9537ZM21.462 29.5517H21.3832C19.2341 29.4949 17.1919 28.6076 15.6897 27.0781C14.1876 25.5485 13.3437 23.4971 13.3371 21.359C13.3639 19.1985 14.2506 17.1365 15.8031 15.625C17.3556 14.1135 19.4472 13.2757 21.6197 13.2952C23.7677 13.3447 25.8118 14.2253 27.3173 15.7499C28.8229 17.2745 29.6715 19.3229 29.6826 21.4598C29.6633 23.6145 28.7883 25.6743 27.2484 27.19C25.7085 28.7058 23.6286 29.5547 21.462 29.5517V29.5517ZM21.5183 16.3359C20.1669 16.3337 18.8695 16.8631 17.9091 17.8087C17.4296 18.2732 17.0474 18.8276 16.7845 19.4398C16.5217 20.0521 16.3834 20.7101 16.3776 21.3758C16.3786 22.7114 16.9033 23.9939 17.8401 24.9507C18.777 25.9076 20.0521 26.4633 21.3944 26.4997C22.0722 26.5086 22.745 26.3842 23.3742 26.1338C24.0035 25.8834 24.5768 25.5118 25.0613 25.0403C25.5457 24.5689 25.9318 24.007 26.1973 23.3868C26.4628 22.7665 26.6025 22.1003 26.6083 21.4262V21.4262C26.6014 20.0922 26.0716 18.8136 25.1316 17.862C24.1916 16.9104 22.9156 16.3609 21.5746 16.3303H21.5183V16.3359Z\"\n          fill=\"#183B56\"\/>\n<\/svg>\n<div class=\"add-pulse-here\"><\/div><\/div>`;\r\n                dot += '<\/div>';\r\n                jQuery(dot).hide().appendTo(jQuery('.outfit')).delay(randomNumber(300, 2000)).fadeIn(350);\r\n\r\n            });\r\n\r\n            jQuery('.cc-tooltip').tooltipster({\r\n                arrow: true,\r\n                contentAsHTML: true,\r\n                interactive: true,\r\n                distance: 28,\r\n                position: ['top', 'center'],\r\n                functionInit: function (instance, helper) {\r\n\r\n                },\r\n                functionReady: function (instance, helper) {\r\n                    jQuery(helper.origin).children('.marker-icon').addClass('active');\r\n                }, functionAfter: function (instance, helper) {\r\n                    jQuery(helper.origin).children('.marker-icon').removeClass('active');\r\n                },\r\n                theme: 'my-custom-theme',\r\n                trigger: \"click\",\r\n            });\r\n\r\n        });\r\n\r\n        function randomNumber(min, max) {\r\n            return Math.random() * (max - min) + min;\r\n        }\r\n\r\n        function escapeHtml(text) {\r\n            'use strict';\r\n            return text.replace(\/[\\\"&'\\\/<>]\/g, function (a) {\r\n                return {\r\n                    '\"': '&quot;', '&': '&amp;', \"'\": '&#39;',\r\n                    '\/': '&#47;', '<': '&lt;', '>': '&gt;'\r\n                }[a];\r\n            });\r\n        }\r\n\r\n    <\/script>\r\n\r\n\t[\/vc_column][\/vc_row][vc_row full_width=&#8220;stretch_row&#8220; css=&#8220;.vc_custom_1650884578892{padding-top: 5% !important;padding-bottom: 5% !important;background-color: #e5eaf4 !important;}&#8220;][vc_column][vc_custom_heading text=&#8220;H\u00e4ufige Fragen&#8220; font_container=&#8220;tag:h3|text_align:left|color:%23183b56&#8243; use_theme_fonts=&#8220;yes&#8220;][vc_empty_space height=&#8220;35px&#8220;][vc_toggle title=&#8220;Ist der Service Contact am Wochenende ge\u00f6ffnet und kann man dort \u00fcbernachten ?&#8220;]Der Service Contact ist tags\u00fcber von montags bis freitags ge\u00f6ffnet.<\/p>\n<p>Bei Bedarf informieren wir \u00fcber Angebote am Wochenende und M\u00f6glichkeiten der \u00dcbernachtung.[\/vc_toggle][vc_toggle title=&#8220;Kann man bei Euch duschen und W\u00e4sche waschen ?&#8220;]Im Kontakt K28 und im Contact Nord kann man duschen und die Waschmaschine benutzen.[\/vc_toggle][vc_toggle title=&#8220;Habt Ihr einen Drogenkonsumraum ? Kann man dort auch Drogen rauchen ?&#8220;]Im Contact Esch gibt es einen Drogenkonsumraum. Heroin und Kokain k\u00f6nnen dort geraucht, gesnifft oder gespritzt werden. Unser Personal der \u201eInfirmerie\u201c ber\u00e4t bei Fragen zu \u201esafer-use\u201c, Gesundheit und hilft im Notfall.[\/vc_toggle][\/vc_column][\/vc_row]<\/p>\n<\/section>","protected":false},"featured_media":0,"template":"","class_list":["post-682","department","type-department","status-publish","hentry"],"acf":[],"_links":{"self":[{"href":"https:\/\/jdh.lu\/de\/wp-json\/wp\/v2\/department\/682","targetHints":{"allow":["GET"]}}],"collection":[{"href":"https:\/\/jdh.lu\/de\/wp-json\/wp\/v2\/department"}],"about":[{"href":"https:\/\/jdh.lu\/de\/wp-json\/wp\/v2\/types\/department"}],"version-history":[{"count":94,"href":"https:\/\/jdh.lu\/de\/wp-json\/wp\/v2\/department\/682\/revisions"}],"predecessor-version":[{"id":3348,"href":"https:\/\/jdh.lu\/de\/wp-json\/wp\/v2\/department\/682\/revisions\/3348"}],"wp:attachment":[{"href":"https:\/\/jdh.lu\/de\/wp-json\/wp\/v2\/media?parent=682"}],"curies":[{"name":"wp","href":"https:\/\/api.w.org\/{rel}","templated":true}]}}

<section class="wpb-content-wrapper"><p>[vc_row css=&#8220;.vc_custom_1658745421031{padding-top: 5% !important;}&#8220;][vc_column width=&#8220;1/2&#8243;][vc_custom_heading text=&#8220;Unsere Angebote:&#8220; font_container=&#8220;tag:h3|text_align:left&#8220; use_theme_fonts=&#8220;yes&#8220;][vc_column_text]Konsument:innen von illegalen Drogen ab 18 Jahren[/vc_column_text][/vc_column][vc_column width=&#8220;1/2&#8243;][vc_empty_space height=&#8220;30px&#8220;][/vc_column][/vc_row][vc_row gap=&#8220;15&#8243; equal_height=&#8220;yes&#8220; css=&#8220;.vc_custom_1658747724747{padding-bottom: 5% !important;}&#8220;][vc_column width=&#8220;1/3&#8243; el_class=&#8220;equal-height&#8220;][vc_column_text el_class=&#8220;shadow-box&#8220;]</p>
<h4>Gesundheitsprävention</h4>
<p>• Spritzentausch<br />
• HIV- und Hepatitis-Prävention<br />
• Behandlungsraum (Infirmerie) im<br />
Contact Esch<br />
• Drogenkonsumraum im Contact Esch[/vc_column_text][/vc_column][vc_column width=&#8220;1/3&#8243; el_class=&#8220;equal-height&#8220;][vc_column_text el_class=&#8220;shadow-box&#8220;]</p>
<h4>Beratung</h4>
<p>• Gesundheitliche Beratung und<br />
Orientierung zum aktuellen Sucht- und Konsumverhalten<br />
• Psychosoziale Beratung<br />
• Information und Vermittlung in die<br />
Substitution, Entgiftung und Therapie in Zusammenarbeit mit internen und externen Partnerorganisationen.[/vc_column_text][/vc_column][vc_column width=&#8220;1/3&#8243; el_class=&#8220;equal-height&#8220;][vc_column_text el_class=&#8220;shadow-box&#8220;]</p>
<h4>Aber auch&#8230;</h4>
<p>• Getränke und kleine Mahlzeiten<br />
während der Öffnungszeiten<br />
• Nutzung von Waschmaschine und<br />
Trockner<br />
• Duschmöglichkeit[/vc_column_text][/vc_column][/vc_row][vc_row full_width=&#8220;stretch_row&#8220; equal_height=&#8220;yes&#8220; content_placement=&#8220;middle&#8220; css=&#8220;.vc_custom_1658751580400{padding-bottom: 5% !important;}&#8220;][vc_column width=&#8220;1/2&#8243; css=&#8220;.vc_custom_1658747763362{margin-bottom: 0px !important;border-bottom-width: 0px !important;padding-right: 35px !important;padding-bottom: 0px !important;}&#8220;][vc_single_image image=&#8220;961&#8243; img_size=&#8220;full&#8220; el_class=&#8220;rounded&#8220; css=&#8220;.vc_custom_1662560922451{margin-bottom: 0px !important;border-bottom-width: 0px !important;padding-bottom: 0px !important;}&#8220;][/vc_column][vc_column width=&#8220;1/2&#8243;][vc_single_image image=&#8220;299&#8243; el_class=&#8220;reddots_pattern&#8220;][vc_custom_heading text=&#8220;Unser Team&#8220; font_container=&#8220;tag:h3|text_align:left&#8220; use_theme_fonts=&#8220;yes&#8220;][vc_column_text]Wir sind ein Team von Sozialarbeiter:innen, Erzieher:innen, Krankenpfleger:innen und Sicherheitspersonal mit langjähriger Erfahrung in der Suchthilfe.</p>
<p>&nbsp;</p>
<p>Leitung:</p>
<p>Martina KAP</p>
<p>Diplompsychologin[/vc_column_text][vc_empty_space height=&#8220;30px&#8220;][/vc_column][/vc_row][vc_row css=&#8220;.vc_custom_1650620250455{padding-top: 5% !important;padding-bottom: 5% !important;}&#8220;][vc_column width=&#8220;1/2&#8243;][vc_single_image image=&#8220;299&#8243; el_class=&#8220;reddots_pattern&#8220;][vc_custom_heading text=&#8220;Kontaktaufnahme&#8220; font_container=&#8220;tag:h3|text_align:left&#8220; use_theme_fonts=&#8220;yes&#8220;][vc_column_text]<strong>Kontakt K28</strong><br />
28, rue du Fort Wedell<br />
L-2718 LUXEMBURG<br />
Tel: 49 10 40 &#8211; 301</p>
<p>&nbsp;</p>
<p><strong>Contact Esch<br />
</strong>130, rue de Luxembourg<br />
L-4221 ESCH-SUR-ALZETTE<br />
Tel : 49 10 40 &#8211; 311</p>
<p>&nbsp;</p>
<p><strong>Contact Nord<br />
</strong>3, rue de la Gare<br />
L-9044 ETTELBRÜCK<br />
Tel : 49 10 40 &#8211; 321</p>
<p>&nbsp;</p>
<p><strong>@: &#99;&#x6f;n&#x74;a&#99;&#x74;&#64;&#x6a;d&#104;&#x2e;&#108;&#x75;</strong>[/vc_column_text][/vc_column][vc_column width=&#8220;1/2&#8243;]    <div class="cc-Hotspot-Map-wrapper">

        <div class="hotspot-settings producer-map">
            <div class="outfit">
                <img decoding="async" id="map" alt="Producer Map" src="https://jdh.lu/wp-content/themes/cuco/includes/jdh/hotspot-map/assets/luxmap.png"/>
            </div>
        </div>

    </div>

    <script>

        let marker = [{"img":"https:\/\/jdh.lu\/wp-content\/uploads\/2022\/09\/Rue-du-Fort-Wedell-3_klein.jpg","left":"40","permalink":"https:\/\/jdh.lu\/de\/location\/k28\/","title":"Luxemburg-Stadt - Contakt K28 - Neue \u00d6ffnungszeiten ab dem 01\/05\/2025","text":"28, rue du Fort Wedell<br \/>\r\nL-2718 LUXEMBURG","top":"75","simpleUrl":"https:\/\/www.google.com\/maps\/search\/?api=1&query=28%2C+rue+du+Fort+Wedell%0D%0AL-2718+LUXEMBURG"},{"img":"https:\/\/jdh.lu\/wp-content\/uploads\/2022\/09\/Rue-de-la-gare-Contact-Nord-1_klein.jpg","left":"39","permalink":"https:\/\/jdh.lu\/de\/location\/sitz-ettelbrueck\/","title":"Ettelbruck - Contact Nord - Neue \u00d6ffnungszeiten ab dem 14\/10\/2024","text":"3, rue de la Gare<br \/>\r\nL-9044 ETTELBR\u00dcCK","top":"41","simpleUrl":"https:\/\/www.google.com\/maps\/search\/?api=1&query=3%2C+rue+de+la+Gare%0D%0AL-9044+ETTELBR%C3%9CCK"},{"img":"https:\/\/jdh.lu\/wp-content\/uploads\/2022\/09\/Rue-de-Luxembourg-Contact-Esch-1_klein.jpg","left":"28","permalink":"https:\/\/jdh.lu\/de\/location\/contact-esch\/","title":"Esch-sur-Alzette - Contact Esch","text":"130 , rue de Luxembourg<br \/>\r\nL-4221 ESCH-SUR-ALZETTE","top":"87","simpleUrl":"https:\/\/www.google.com\/maps\/search\/?api=1&query=130+%2C+rue+de+Luxembourg%0D%0AL-4221+ESCH-SUR-ALZETTE"}];
        let navigationText = 'Hier gehts zur Navigation';

        jQuery(document).ready(function () {

            jQuery.each(marker, function (key, value) {

                let img = '';
                if (value.img != null)
                    img = `<img decoding="async" alt="Preview Image" src="${value.img}"/>`;

                let tooltipContent = `
                ${img}
                <div><h2>${value.title}</h2>
                <p>${value.text}</p>
                <div class="jdh-button">
        <a rel="" href="${value.simpleUrl}" target="_blank">${navigationText}
            <i class="fa-solid fa-arrow-right"></i>
        </a>

    </div>
                </div>`;

                let dot = '<div class="dot marker cc-tooltip" title="' + escapeHtml(tooltipContent) + '"  style="top: ' + value.top + '%; left: ' + value.left + '%;">';
                dot += `<div class="marker-icon"><svg width="43" height="56" viewBox="0 0 43 56" fill="none" xmlns="http://www.w3.org/2000/svg">
    <path class="cc-map-marker" d="M22.2109 56H20.8032L20.5273 55.888C19.7215 55.5332 19.0395 54.9485 18.5679 54.208L13.2752 46.777C10.077 42.297 6.8864 37.8171 3.70326 33.3372C1.66644 30.433 0.431634 27.0481 0.122229 23.5206C-0.360229 19.0742 0.593363 14.5904 2.84482 10.7191C5.09629 6.84786 8.52866 3.7901 12.6446 1.98896C20.7132 -1.48858 28.579 -0.391002 35.3864 5.1641C37.4752 6.84679 39.2088 8.9238 40.4872 11.2755C41.7657 13.6273 42.5638 16.2073 42.8356 18.8671C43.509 24.1997 42.0981 29.5859 38.8942 33.914C34.1045 40.6339 29.3166 47.3538 24.5307 54.0736C24.0474 54.8822 23.3205 55.5189 22.453 55.8936L22.2109 56ZM21.5183 52.9537C21.711 52.7612 21.8827 52.5491 22.0307 52.3209C26.8167 45.601 31.6045 38.8811 36.3942 32.1612C39.1427 28.4443 40.352 23.82 39.7726 19.2423C39.5472 16.9706 38.8725 14.7657 37.7873 12.7542C36.7022 10.7428 35.228 8.96452 33.4495 7.52166C27.498 2.66654 20.9102 1.74816 13.8664 4.78331C10.3441 6.32882 7.40836 8.94996 5.48479 12.2667C3.56123 15.5833 2.74987 19.4232 3.16836 23.2294C3.42858 26.2216 4.47092 29.0941 6.19196 31.562C9.36009 36.042 12.5507 40.5219 15.7639 45.0018C17.5356 47.4807 19.3036 49.9633 21.0679 52.4497C21.1971 52.6351 21.3483 52.8043 21.5183 52.9537V52.9537ZM21.462 29.5517H21.3832C19.2341 29.4949 17.1919 28.6076 15.6897 27.0781C14.1876 25.5485 13.3437 23.4971 13.3371 21.359C13.3639 19.1985 14.2506 17.1365 15.8031 15.625C17.3556 14.1135 19.4472 13.2757 21.6197 13.2952C23.7677 13.3447 25.8118 14.2253 27.3173 15.7499C28.8229 17.2745 29.6715 19.3229 29.6826 21.4598C29.6633 23.6145 28.7883 25.6743 27.2484 27.19C25.7085 28.7058 23.6286 29.5547 21.462 29.5517V29.5517ZM21.5183 16.3359C20.1669 16.3337 18.8695 16.8631 17.9091 17.8087C17.4296 18.2732 17.0474 18.8276 16.7845 19.4398C16.5217 20.0521 16.3834 20.7101 16.3776 21.3758C16.3786 22.7114 16.9033 23.9939 17.8401 24.9507C18.777 25.9076 20.0521 26.4633 21.3944 26.4997C22.0722 26.5086 22.745 26.3842 23.3742 26.1338C24.0035 25.8834 24.5768 25.5118 25.0613 25.0403C25.5457 24.5689 25.9318 24.007 26.1973 23.3868C26.4628 22.7665 26.6025 22.1003 26.6083 21.4262V21.4262C26.6014 20.0922 26.0716 18.8136 25.1316 17.862C24.1916 16.9104 22.9156 16.3609 21.5746 16.3303H21.5183V16.3359Z"
          fill="#183B56"/>
</svg>
<div class="add-pulse-here"></div></div>`;
                dot += '</div>';
                jQuery(dot).hide().appendTo(jQuery('.outfit')).delay(randomNumber(300, 2000)).fadeIn(350);

            });

            jQuery('.cc-tooltip').tooltipster({
                arrow: true,
                contentAsHTML: true,
                interactive: true,
                distance: 28,
                position: ['top', 'center'],
                functionInit: function (instance, helper) {

                },
                functionReady: function (instance, helper) {
                    jQuery(helper.origin).children('.marker-icon').addClass('active');
                }, functionAfter: function (instance, helper) {
                    jQuery(helper.origin).children('.marker-icon').removeClass('active');
                },
                theme: 'my-custom-theme',
                trigger: "click",
            });

        });

        function randomNumber(min, max) {
            return Math.random() * (max - min) + min;
        }

        function escapeHtml(text) {
            'use strict';
            return text.replace(/[\"&'\/<>]/g, function (a) {
                return {
                    '"': '&quot;', '&': '&amp;', "'": '&#39;',
                    '/': '&#47;', '<': '&lt;', '>': '&gt;'
                }[a];
            });
        }

    </script>

	[/vc_column][/vc_row][vc_row full_width=&#8220;stretch_row&#8220; css=&#8220;.vc_custom_1650884578892{padding-top: 5% !important;padding-bottom: 5% !important;background-color: #e5eaf4 !important;}&#8220;][vc_column][vc_custom_heading text=&#8220;Häufige Fragen&#8220; font_container=&#8220;tag:h3|text_align:left|color:%23183b56&#8243; use_theme_fonts=&#8220;yes&#8220;][vc_empty_space height=&#8220;35px&#8220;][vc_toggle title=&#8220;Ist der Service Contact am Wochenende geöffnet und kann man dort übernachten ?&#8220;]Der Service Contact ist tagsüber von montags bis freitags geöffnet.</p>
<p>Bei Bedarf informieren wir über Angebote am Wochenende und Möglichkeiten der Übernachtung.[/vc_toggle][vc_toggle title=&#8220;Kann man bei Euch duschen und Wäsche waschen ?&#8220;]Im Kontakt K28 und im Contact Nord kann man duschen und die Waschmaschine benutzen.[/vc_toggle][vc_toggle title=&#8220;Habt Ihr einen Drogenkonsumraum ? Kann man dort auch Drogen rauchen ?&#8220;]Im Contact Esch gibt es einen Drogenkonsumraum. Heroin und Kokain können dort geraucht, gesnifft oder gespritzt werden. Unser Personal der „Infirmerie“ berät bei Fragen zu „safer-use“, Gesundheit und hilft im Notfall.[/vc_toggle][/vc_column][/vc_row]</p>
</section>
