{"id":40,"date":"2022-04-21T13:53:31","date_gmt":"2022-04-21T13:53:31","guid":{"rendered":"https:\/\/jdh.cuco.dev\/?page_id=40"},"modified":"2024-07-10T12:48:18","modified_gmt":"2024-07-10T12:48:18","slug":"ziele-und-grundsaetze","status":"publish","type":"page","link":"https:\/\/jdh.lu\/de\/ueber-uns\/ziele-und-grundsaetze\/","title":{"rendered":"Ziele und Grunds\u00e4tze"},"content":{"rendered":"<section class=\"wpb-content-wrapper\"><p>[vc_row gap=&#8220;35&#8243; css=&#8220;.vc_custom_1658242040084{padding-top: 5% !important;padding-bottom: 5% !important;}&#8220;][vc_column width=&#8220;1\/2&#8243;][vc_custom_heading text=&#8220;Ziele und Grunds\u00e4tze unserer Arbeit&#8220; font_container=&#8220;tag:h3|text_align:left&#8220; use_theme_fonts=&#8220;yes&#8220;][vc_column_text]Wichtige Grundprinzipien aller Angebote der JDH sind:[\/vc_column_text][vc_empty_space height=&#8220;30px&#8220;][vc_row_inner][vc_column_inner el_class=&#8220;shadow-box&#8220;][vc_column_text]<\/p>\n<h4>Respekt<\/h4>\n<p>Respekt der Mitarbeiter:innen vor den Zielen der Klient:innen[\/vc_column_text][\/vc_column_inner][\/vc_row_inner][vc_row_inner][vc_column_inner el_class=&#8220;shadow-box&#8220;][vc_column_text]<\/p>\n<h4>Freiwilligkeit<\/h4>\n<p>Freiwilligkeit der Klient:innen in der Zusammenarbeit mit den Diensten der Stiftung[\/vc_column_text][\/vc_column_inner][\/vc_row_inner][vc_row_inner][vc_column_inner el_class=&#8220;shadow-box&#8220;][vc_column_text]<\/p>\n<h4>Anonymit\u00e4t<\/h4>\n<p>Diskretion, Wahrung der Anonymit\u00e4t, der Schweigepflicht und des Datenschutzes[\/vc_column_text][\/vc_column_inner][\/vc_row_inner][\/vc_column][vc_column width=&#8220;1\/2&#8243;][vc_empty_space height=&#8220;60px&#8220;][vc_column_text]Um den jeweiligen Lebenslagen, Interessen und Bed\u00fcrfnissen der Zielgruppen bestm\u00f6glich zu entsprechen, sind die Angebote der Stiftung m\u00f6glichst breit gef\u00e4chert. Infolgedessen gibt es verschiedene Abteilungen mit unterschiedlichsten Hilfsangeboten und Ausrichtungen.<\/p>\n<p>&nbsp;<\/p>\n<p>Diese reichen von einer konsumakzeptierenden bis abstinenzorientierten Haltung.<\/p>\n<p>&nbsp;<\/p>\n<p>Im Falle einer Kooperation mit anderen sozialen Diensten soll der\/die Klient:in bei allen Schritten der ihn\/sie betreffenden Zusammenarbeit, entweder pers\u00f6nlich anwesend sein oder informiert werden.[\/vc_column_text][\/vc_column][\/vc_row][vc_row full_width=&#8220;stretch_row&#8220; equal_height=&#8220;yes&#8220; content_placement=&#8220;middle&#8220; disable_element=&#8220;yes&#8220; el_class=&#8220;dark_txtbox&#8220;][vc_column width=&#8220;1\/2&#8243; el_class=&#8220;dark section-image-left&#8220; css=&#8220;.vc_custom_1658240714119{margin-bottom: 0px !important;border-bottom-width: 0px !important;padding-right: 35px !important;padding-bottom: 0px !important;}&#8220;][vc_single_image image=&#8220;428&#8243; img_size=&#8220;full&#8220; el_class=&#8220;image-overlapping&#8220; css=&#8220;.vc_custom_1658240631351{margin-bottom: 0px !important;border-bottom-width: 0px !important;padding-bottom: 0px !important;}&#8220;][\/vc_column][vc_column width=&#8220;1\/2&#8243;][vc_custom_heading text=&#8220;\u00dcber uns&#8220; font_container=&#8220;tag:div|text_align:left&#8220; use_theme_fonts=&#8220;yes&#8220; el_class=&#8220;pre-heading&#8220;][vc_custom_heading text=&#8220;Unsere Aufgaben&#8220; font_container=&#8220;tag:h3|text_align:left|color:%23ffffff&#8220; use_theme_fonts=&#8220;yes&#8220;][vc_column_text]\u2022 Personalverwaltung und Lohnabrechnung<br \/>\n\u2022 Allgemeine Buchf\u00fchrung<br \/>\n\u2022 Logistische und IT-Unterst\u00fctzung der verschiedene Abteilungen<br \/>\n\u2022 Projektmanagement<br \/>\n\u2022 Netzwerkarbeit mit unseren Partnerorganisationen<br \/>\n\u2022 Verwaltung der Geb\u00e4ude[\/vc_column_text][vc_empty_space height=&#8220;30px&#8220;][\/vc_column][\/vc_row][vc_row disable_element=&#8220;yes&#8220; css=&#8220;.vc_custom_1658401226660{padding-top: 5% !important;padding-bottom: 5% !important;}&#8220;][vc_column][vc_custom_heading text=&#8220;Das sind wir&#8220; font_container=&#8220;tag:div|text_align:left&#8220; use_theme_fonts=&#8220;yes&#8220; el_class=&#8220;pre-heading&#8220;][vc_row_inner][vc_column_inner width=&#8220;1\/2&#8243;][vc_custom_heading text=&#8220;Unser Team&#8220; font_container=&#8220;tag:h3|text_align:left&#8220; use_theme_fonts=&#8220;yes&#8220;][vc_column_text]Wir sind ein Team bestehend aus AdministratifmitarbeiterInnen und BuchhalterInnen.<\/p>\n<p>Leitung : Davide ROCHA , Diplomiert in Betriebsmanagment[\/vc_column_text][\/vc_column_inner][vc_column_inner width=&#8220;1\/2&#8243;][vc_column_text][shortcode][\/vc_column_text][\/vc_column_inner][\/vc_row_inner][\/vc_column][\/vc_row][vc_row full_width=&#8220;stretch_row&#8220; gap=&#8220;35&#8243; equal_height=&#8220;yes&#8220; content_placement=&#8220;middle&#8220; disable_element=&#8220;yes&#8220; el_class=&#8220;light_txtbox&#8220;][vc_column width=&#8220;1\/2&#8243;][vc_single_image image=&#8220;424&#8243; img_size=&#8220;full&#8220; add_caption=&#8220;yes&#8220; el_class=&#8220;image-overlapping&#8220;][\/vc_column][vc_column width=&#8220;1\/2&#8243;][vc_single_image image=&#8220;299&#8243; el_class=&#8220;reddots_pattern&#8220;][vc_custom_heading text=&#8220;Kontaktaufnahme&#8220; font_container=&#8220;tag:h3|text_align:left&#8220; use_theme_fonts=&#8220;yes&#8220;][vc_column_text]Unser Team ist von Montag bis Freitag von 09h00 bis 17h00 zu erreichen.<\/p>\n<p>\u2022 Luxemburg-Stadt : 93 rue d\u2019Anvers L-1130 Luxembourg<\/p>\n<p>Sie erreichen uns:<br \/>\nT\u00e9l.: 49 10 40 \u2013 1<br \/>\nE-Mail t: &#97;&#x64;m&#x69;&#x6e;&#105;&#x73;t&#x72;&#x61;&#116;&#x69;o&#x6e;&#x40;&#106;&#x64;h&#x2e;&#x6c;&#117;[\/vc_column_text][vc_empty_space height=&#8220;30px&#8220;]    <div class=\"jdh-button solid-button\">\n\n        <a rel=\"\" href=\"\"\n           target=\"\">\n\t\t\tJetzt kontaktieren\n            <i class=\"fa-solid fa-arrow-right\"><\/i>\n        <\/a>\n\n    <\/div>\n\n\t[\/vc_column][\/vc_row]<\/p>\n<\/section>","protected":false},"excerpt":{"rendered":"<p>[vc_row gap=&#8220;35&#8243; css=&#8220;.vc_custom_1658242040084{padding-top: 5% !important;padding-bottom: 5% !important;}&#8220;][vc_column width=&#8220;1\/2&#8243;][vc_custom_heading text=&#8220;Ziele und Grunds\u00e4tze unserer Arbeit&#8220; font_container=&#8220;tag:h3|text_align:left&#8220; use_theme_fonts=&#8220;yes&#8220;][vc_column_text]Wichtige Grundprinzipien aller Angebote der JDH sind:[\/vc_column_text][vc_empty_space height=&#8220;30px&#8220;][vc_row_inner][vc_column_inner el_class=&#8220;shadow-box&#8220;][vc_column_text] Respekt Respekt der Mitarbeiter:innen vor den Zielen der Klient:innen[\/vc_column_text][\/vc_column_inner][\/vc_row_inner][vc_row_inner][vc_column_inner el_class=&#8220;shadow-box&#8220;][vc_column_text] Freiwilligkeit Freiwilligkeit der Klient:innen in der Zusammenarbeit mit den Diensten der Stiftung[\/vc_column_text][\/vc_column_inner][\/vc_row_inner][vc_row_inner][vc_column_inner el_class=&#8220;shadow-box&#8220;][vc_column_text] Anonymit\u00e4t Diskretion, Wahrung der Anonymit\u00e4t, der Schweigepflicht und des [&hellip;]<\/p>\n","protected":false},"author":1,"featured_media":0,"parent":30,"menu_order":0,"comment_status":"closed","ping_status":"closed","template":"","meta":{"_acf_changed":false,"inline_featured_image":false,"footnotes":""},"class_list":["post-40","page","type-page","status-publish","hentry"],"acf":[],"_links":{"self":[{"href":"https:\/\/jdh.lu\/de\/wp-json\/wp\/v2\/pages\/40","targetHints":{"allow":["GET"]}}],"collection":[{"href":"https:\/\/jdh.lu\/de\/wp-json\/wp\/v2\/pages"}],"about":[{"href":"https:\/\/jdh.lu\/de\/wp-json\/wp\/v2\/types\/page"}],"author":[{"embeddable":true,"href":"https:\/\/jdh.lu\/de\/wp-json\/wp\/v2\/users\/1"}],"replies":[{"embeddable":true,"href":"https:\/\/jdh.lu\/de\/wp-json\/wp\/v2\/comments?post=40"}],"version-history":[{"count":45,"href":"https:\/\/jdh.lu\/de\/wp-json\/wp\/v2\/pages\/40\/revisions"}],"predecessor-version":[{"id":3791,"href":"https:\/\/jdh.lu\/de\/wp-json\/wp\/v2\/pages\/40\/revisions\/3791"}],"up":[{"embeddable":true,"href":"https:\/\/jdh.lu\/de\/wp-json\/wp\/v2\/pages\/30"}],"wp:attachment":[{"href":"https:\/\/jdh.lu\/de\/wp-json\/wp\/v2\/media?parent=40"}],"curies":[{"name":"wp","href":"https:\/\/api.w.org\/{rel}","templated":true}]}}

Ziele und Grundsätze

<section class="wpb-content-wrapper"><p>[vc_row gap=&#8220;35&#8243; css=&#8220;.vc_custom_1658242040084{padding-top: 5% !important;padding-bottom: 5% !important;}&#8220;][vc_column width=&#8220;1/2&#8243;][vc_custom_heading text=&#8220;Ziele und Grundsätze unserer Arbeit&#8220; font_container=&#8220;tag:h3|text_align:left&#8220; use_theme_fonts=&#8220;yes&#8220;][vc_column_text]Wichtige Grundprinzipien aller Angebote der JDH sind:[/vc_column_text][vc_empty_space height=&#8220;30px&#8220;][vc_row_inner][vc_column_inner el_class=&#8220;shadow-box&#8220;][vc_column_text]</p>
<h4>Respekt</h4>
<p>Respekt der Mitarbeiter:innen vor den Zielen der Klient:innen[/vc_column_text][/vc_column_inner][/vc_row_inner][vc_row_inner][vc_column_inner el_class=&#8220;shadow-box&#8220;][vc_column_text]</p>
<h4>Freiwilligkeit</h4>
<p>Freiwilligkeit der Klient:innen in der Zusammenarbeit mit den Diensten der Stiftung[/vc_column_text][/vc_column_inner][/vc_row_inner][vc_row_inner][vc_column_inner el_class=&#8220;shadow-box&#8220;][vc_column_text]</p>
<h4>Anonymität</h4>
<p>Diskretion, Wahrung der Anonymität, der Schweigepflicht und des Datenschutzes[/vc_column_text][/vc_column_inner][/vc_row_inner][/vc_column][vc_column width=&#8220;1/2&#8243;][vc_empty_space height=&#8220;60px&#8220;][vc_column_text]Um den jeweiligen Lebenslagen, Interessen und Bedürfnissen der Zielgruppen bestmöglich zu entsprechen, sind die Angebote der Stiftung möglichst breit gefächert. Infolgedessen gibt es verschiedene Abteilungen mit unterschiedlichsten Hilfsangeboten und Ausrichtungen.</p>
<p>&nbsp;</p>
<p>Diese reichen von einer konsumakzeptierenden bis abstinenzorientierten Haltung.</p>
<p>&nbsp;</p>
<p>Im Falle einer Kooperation mit anderen sozialen Diensten soll der/die Klient:in bei allen Schritten der ihn/sie betreffenden Zusammenarbeit, entweder persönlich anwesend sein oder informiert werden.[/vc_column_text][/vc_column][/vc_row][vc_row full_width=&#8220;stretch_row&#8220; equal_height=&#8220;yes&#8220; content_placement=&#8220;middle&#8220; disable_element=&#8220;yes&#8220; el_class=&#8220;dark_txtbox&#8220;][vc_column width=&#8220;1/2&#8243; el_class=&#8220;dark section-image-left&#8220; css=&#8220;.vc_custom_1658240714119{margin-bottom: 0px !important;border-bottom-width: 0px !important;padding-right: 35px !important;padding-bottom: 0px !important;}&#8220;][vc_single_image image=&#8220;428&#8243; img_size=&#8220;full&#8220; el_class=&#8220;image-overlapping&#8220; css=&#8220;.vc_custom_1658240631351{margin-bottom: 0px !important;border-bottom-width: 0px !important;padding-bottom: 0px !important;}&#8220;][/vc_column][vc_column width=&#8220;1/2&#8243;][vc_custom_heading text=&#8220;Über uns&#8220; font_container=&#8220;tag:div|text_align:left&#8220; use_theme_fonts=&#8220;yes&#8220; el_class=&#8220;pre-heading&#8220;][vc_custom_heading text=&#8220;Unsere Aufgaben&#8220; font_container=&#8220;tag:h3|text_align:left|color:%23ffffff&#8220; use_theme_fonts=&#8220;yes&#8220;][vc_column_text]• Personalverwaltung und Lohnabrechnung<br />
• Allgemeine Buchführung<br />
• Logistische und IT-Unterstützung der verschiedene Abteilungen<br />
• Projektmanagement<br />
• Netzwerkarbeit mit unseren Partnerorganisationen<br />
• Verwaltung der Gebäude[/vc_column_text][vc_empty_space height=&#8220;30px&#8220;][/vc_column][/vc_row][vc_row disable_element=&#8220;yes&#8220; css=&#8220;.vc_custom_1658401226660{padding-top: 5% !important;padding-bottom: 5% !important;}&#8220;][vc_column][vc_custom_heading text=&#8220;Das sind wir&#8220; font_container=&#8220;tag:div|text_align:left&#8220; use_theme_fonts=&#8220;yes&#8220; el_class=&#8220;pre-heading&#8220;][vc_row_inner][vc_column_inner width=&#8220;1/2&#8243;][vc_custom_heading text=&#8220;Unser Team&#8220; font_container=&#8220;tag:h3|text_align:left&#8220; use_theme_fonts=&#8220;yes&#8220;][vc_column_text]Wir sind ein Team bestehend aus AdministratifmitarbeiterInnen und BuchhalterInnen.</p>
<p>Leitung : Davide ROCHA , Diplomiert in Betriebsmanagment[/vc_column_text][/vc_column_inner][vc_column_inner width=&#8220;1/2&#8243;][vc_column_text][shortcode][/vc_column_text][/vc_column_inner][/vc_row_inner][/vc_column][/vc_row][vc_row full_width=&#8220;stretch_row&#8220; gap=&#8220;35&#8243; equal_height=&#8220;yes&#8220; content_placement=&#8220;middle&#8220; disable_element=&#8220;yes&#8220; el_class=&#8220;light_txtbox&#8220;][vc_column width=&#8220;1/2&#8243;][vc_single_image image=&#8220;424&#8243; img_size=&#8220;full&#8220; add_caption=&#8220;yes&#8220; el_class=&#8220;image-overlapping&#8220;][/vc_column][vc_column width=&#8220;1/2&#8243;][vc_single_image image=&#8220;299&#8243; el_class=&#8220;reddots_pattern&#8220;][vc_custom_heading text=&#8220;Kontaktaufnahme&#8220; font_container=&#8220;tag:h3|text_align:left&#8220; use_theme_fonts=&#8220;yes&#8220;][vc_column_text]Unser Team ist von Montag bis Freitag von 09h00 bis 17h00 zu erreichen.</p>
<p>• Luxemburg-Stadt : 93 rue d’Anvers L-1130 Luxembourg</p>
<p>Sie erreichen uns:<br />
Tél.: 49 10 40 – 1<br />
E-Mail t: &#97;&#x64;m&#x69;&#x6e;&#105;&#x73;t&#x72;&#x61;&#116;&#x69;o&#x6e;&#x40;&#106;&#x64;h&#x2e;&#x6c;&#117;[/vc_column_text][vc_empty_space height=&#8220;30px&#8220;]    <div class="jdh-button solid-button">

        <a rel="" href=""
           target="">
			Jetzt kontaktieren
            <i class="fa-solid fa-arrow-right"></i>
        </a>

    </div>

	[/vc_column][/vc_row]</p>
</section>

<p>[vc_row gap=&#8220;35&#8243; css=&#8220;.vc_custom_1658242040084{padding-top: 5% !important;padding-bottom: 5% !important;}&#8220;][vc_column width=&#8220;1/2&#8243;][vc_custom_heading text=&#8220;Ziele und Grundsätze unserer Arbeit&#8220; font_container=&#8220;tag:h3|text_align:left&#8220; use_theme_fonts=&#8220;yes&#8220;][vc_column_text]Wichtige Grundprinzipien aller Angebote der JDH sind:[/vc_column_text][vc_empty_space height=&#8220;30px&#8220;][vc_row_inner][vc_column_inner el_class=&#8220;shadow-box&#8220;][vc_column_text] Respekt Respekt der Mitarbeiter:innen vor den Zielen der Klient:innen[/vc_column_text][/vc_column_inner][/vc_row_inner][vc_row_inner][vc_column_inner el_class=&#8220;shadow-box&#8220;][vc_column_text] Freiwilligkeit Freiwilligkeit der Klient:innen in der Zusammenarbeit mit den Diensten der Stiftung[/vc_column_text][/vc_column_inner][/vc_row_inner][vc_row_inner][vc_column_inner el_class=&#8220;shadow-box&#8220;][vc_column_text] Anonymität Diskretion, Wahrung der Anonymität, der Schweigepflicht und des [&hellip;]</p>
